{"type":"video","version":"1.0","provider_name":"Dailymotion","provider_url":"https:\/\/www.dailymotion.com","title":"Elaz\u0131\u011f'da \u00f6rt\u00fc yang\u0131n\u0131","description":"Elaz\u0131\u011f\u2019\u0131n Karako\u00e7an il\u00e7esinde \u00f6rt\u00fc yang\u0131n\u0131 \u00e7\u0131kt\u0131. Ekipler yang\u0131na m\u00fcdahale ediyor.","author_name":"S\u00f6zc\u00fc Gazetesi","author_url":"https:\/\/www.dailymotion.com\/Sozcu","width":480,"height":269,"html":"<iframe frameborder=\"0\" width=\"480\" height=\"269\" src=\"https:\/\/geo.dailymotion.com\/player.html?video=xb3bfvm&\" allowfullscreen allow=\"autoplay; fullscreen; picture-in-picture; web-share\"><\/iframe>","thumbnail_url":"https:\/\/s2.dmcdn.net\/v\/d-XGY1gc0wh5K2Ols\/x240","thumbnail_width":427,"thumbnail_height":240}

Elazığ'da örtü yangını

Elazığ’ın Karakoçan ilçesinde örtü yangını çıktı. Ekipler yangına müdahale ediyor.

Sözcü Gazetesi
