{"type":"video","version":"1.0","provider_name":"Dailymotion","provider_url":"https:\/\/www.dailymotion.com","title":"Po\u017cary w Fontainebleau. Macron: \u201eB\u0119dziemy bezwzgl\u0119dni wobec sprawc\u00f3w\u201d","description":"Po\u017cary w Fontainebleau. Macron: \u201eB\u0119dziemy bezwzgl\u0119dni wobec sprawc\u00f3w\u201dPrezydent Francji w czwartek odwiedzi\u0142 las Fontainebleau, by podzi\u0119kowa\u0107 1000 stra\u017cak\u00f3w oraz wojskowym i cywilom walcz\u0105cym z po\u017carami, kt\u00f3re zniszczy\u0142y ok. 10 proc. lasu w \u00cele-de-France.CZYTAJ WI\u0118CEJ : http:\/\/pl.euronews.com\/2026\/07\/16\/pozary-w-fontainebleau-macron-bedziemy-bezwzgledni-wobec-sprawcowZasubskrybuj nasz kana\u0142.Euronews jest dost\u0119pny na Dailymotion w 12 j\u0119zykach","author_name":"euronews (po polsku)","author_url":"https:\/\/www.dailymotion.com\/euronews-pl","width":480,"height":269,"html":"<iframe frameborder=\"0\" width=\"480\" height=\"269\" src=\"https:\/\/geo.dailymotion.com\/player.html?video=xapraq2&\" allowfullscreen allow=\"autoplay; fullscreen; picture-in-picture; web-share\"><\/iframe>","thumbnail_url":"https:\/\/s1.dmcdn.net\/v\/cdf0A1gMKhRn84H9W\/x240","thumbnail_width":427,"thumbnail_height":240}

Pożary w Fontainebleau. Macron: „Będziemy bezwzględni wobec sprawców”

Pożary w Fontainebleau. Macron: „Będziemy bezwzględni wobec sprawców”Prezydent Francji w czwartek odwiedził las Fontainebleau, by podziękować 1000 strażaków oraz wojskowym i cywilom walczącym z pożarami, które zniszczyły ok. 10 proc. lasu w Île-de-France.CZYTAJ WIĘCEJ : http://pl.euronews.com/2026/07/16/pozary-w-fontainebleau-macron-bedziemy-bezwzgledni-wobec-sprawcowZasubskrybuj nasz kanał.Euronews jest dostępny na Dailymotion w 12 językach
