{"type":"video","version":"1.0","provider_name":"Dailymotion","provider_url":"https:\/\/www.dailymotion.com","title":"EL MVP de Pedro Porro en primera persona","description":"El lateral derecho goleador y mejor jugador de la Selecci\u00f3n en la semifinal ante Francia cont\u00f3 sus primeras impresiones tras recibir el galard\u00f3n a Sef\u00fatbol","author_name":"Marca","author_url":"https:\/\/www.dailymotion.com\/marca","width":480,"height":269,"html":"<iframe frameborder=\"0\" width=\"480\" height=\"269\" src=\"https:\/\/geo.dailymotion.com\/player.html?video=xapi8te&\" allowfullscreen allow=\"autoplay; fullscreen; picture-in-picture; web-share\"><\/iframe>","thumbnail_url":"https:\/\/s2.dmcdn.net\/v\/cc1uY1gMIqjZ8YNrn\/x240","thumbnail_width":427,"thumbnail_height":240}

El lateral derecho goleador y mejor jugador de la Selección en la semifinal ante Francia contó sus primeras impresiones tras recibir el galardón a Sefútbol
