{"type":"video","version":"1.0","provider_name":"Dailymotion","provider_url":"https:\/\/www.dailymotion.com","title":"Alerta en el Pac\u00edfico por la tormenta tropical \"Elida\" | De Pisa y Corre con Paola Rojas","description":"La tormenta tropical \"Elida\" se desarrolla en el Pac\u00edfico y podr\u00eda alcanzar la categor\u00eda 2 de hurac\u00e1n; sin embargo, su trayectoria la mantendr\u00eda lejos de las costas mexicanas.#NoticiasImagen #PaolaRojasDPC","author_name":"Imagen Noticias","author_url":"https:\/\/www.dailymotion.com\/ImagenNoticias","width":480,"height":269,"html":"<iframe frameborder=\"0\" width=\"480\" height=\"269\" src=\"https:\/\/geo.dailymotion.com\/player.html?video=xapi6i6&\" allowfullscreen allow=\"autoplay; fullscreen; picture-in-picture; web-share\"><\/iframe>","thumbnail_url":"https:\/\/s1.dmcdn.net\/v\/cc19k1gOzUZs1E4AO\/x240","thumbnail_width":427,"thumbnail_height":240}

Alerta en el Pacífico por la tormenta tropical "Elida" | De Pisa y Corre con Paola Rojas

La tormenta tropical "Elida" se desarrolla en el Pacífico y podría alcanzar la categoría 2 de huracán; sin embargo, su trayectoria la mantendría lejos de las costas mexicanas.#NoticiasImagen #PaolaRojasDPC
