{"type":"video","version":"1.0","provider_name":"Dailymotion","provider_url":"https:\/\/www.dailymotion.com","title":"El jefe de la Polic\u00eda en la Comunidad Valenciana se enter\u00f3 \"de madrugada\" en Madrid de la tragedia de la dana","description":"V\u00eddeo relacionado con esta noticia: https:\/\/www.vozpopuli.com\/espana\/comunidad-valenciana\/el-jefe-de-la-policia-en-la-comunidad-valenciana-se-entero-de-madrugada-en-madrid-de-la-tragedia-de-la-dana.htmlCarlos Gajero reconoce en el Senado que abandon\u00f3 Valencia en plena dana y que \"hasta las cinco o cinco y media de la madrugada\" vivi\u00f3 ajeno a las riadasPara no perderte nada de informaci\u00f3n y estar al d\u00eda de la actualidad, puedes visitar nuestra web y seguirnos en redes sociales.\ud83d\udc49 Entra en nuestra web: https:\/\/www.vozpopuli.com\ud83d\udc49 Youtube: https:\/\/bit.ly\/2FVvKnr\ud83d\udc49 Twitter: https:\/\/twitter.com\/voz_populi\ud83d\udc49 Instagram: https:\/\/www.instagram.com\/vozpopuli\ud83d\udc49 Facebook: https:\/\/www.facebook.com\/vozpopulidigital\/","author_name":"Vozp\u00f3puli","author_url":"https:\/\/www.dailymotion.com\/vozpopuli","width":480,"height":269,"html":"<iframe frameborder=\"0\" width=\"480\" height=\"269\" src=\"https:\/\/geo.dailymotion.com\/player.html?video=x9xo7k4&\" allowfullscreen allow=\"autoplay; fullscreen; picture-in-picture; web-share\"><\/iframe>","thumbnail_url":"https:\/\/s2.dmcdn.net\/v\/Zpi541g3M3pFLMBS3\/x240","thumbnail_width":427,"thumbnail_height":240}

El jefe de la Policía en la Comunidad Valenciana se enteró "de madrugada" en Madrid de la tragedia de la dana

Vídeo relacionado con esta noticia: https://www.vozpopuli.com/espana/comunidad-valenciana/el-jefe-de-la-policia-en-la-comunidad-valenciana-se-entero-de-madrugada-en-madrid-de-la-tragedia-de-la-dana.htmlCarlos Gajero reconoce en el Senado que abandonó Valencia en plena dana y que "hasta las cinco o cinco y media de la madrugada" vivió ajeno a las riadasPara no perderte nada de información y estar al día de la actualidad, puedes visitar nuestra web y seguirnos en redes sociales.👉 Entra en nuestra web: https://www.vozpopuli.com👉 Youtube: https://bit.ly/2FVvKnr👉 Twitter: https://twitter.com/voz_populi👉 Instagram: https://www.instagram.com/vozpopuli👉 Facebook: https://www.facebook.com/vozpopulidigital/

Vozpópuli
