{"type":"video","version":"1.0","provider_name":"Dailymotion","provider_url":"https:\/\/www.dailymotion.com","title":"Incendie \u00e0 Crans-Montana: le t\u00e9moignage de Jean-Marc, le \"fils adoptif\" du couple de g\u00e9rants du bar","description":"Un tribunal du canton du Valais a ordonn\u00e9 lundi le placement en d\u00e9tention provisoire de Jacques Moretti, copropri\u00e9taire avec son \u00e9pouse du bar de la station de ski suisse de Crans-Montana incendi\u00e9 la nuit du nouvel an, \"pour une dur\u00e9e initiale de trois mois\". BFMTV a rencontr\u00e9 le \"fils adoptif\" de Jacques Moretti qui a particip\u00e9 au sauvetage des victimes de l'incendie.","author_name":"BFM","author_url":"https:\/\/www.dailymotion.com\/BFMTV","width":480,"height":269,"html":"<iframe frameborder=\"0\" width=\"480\" height=\"269\" src=\"https:\/\/geo.dailymotion.com\/player.html?video=x9xmlae&\" allowfullscreen allow=\"autoplay; fullscreen; picture-in-picture; web-share\"><\/iframe>","thumbnail_url":"https:\/\/s1.dmcdn.net\/v\/ZpPf61fPWpXrY95Cz\/x240","thumbnail_width":427,"thumbnail_height":240}

Incendie à Crans-Montana: le témoignage de Jean-Marc, le "fils adoptif" du couple de gérants du bar

Un tribunal du canton du Valais a ordonné lundi le placement en détention provisoire de Jacques Moretti, copropriétaire avec son épouse du bar de la station de ski suisse de Crans-Montana incendié la nuit du nouvel an, "pour une durée initiale de trois mois". BFMTV a rencontré le "fils adoptif" de Jacques Moretti qui a participé au sauvetage des victimes de l'incendie.
