{"type":"video","version":"1.0","provider_name":"Dailymotion","provider_url":"https:\/\/www.dailymotion.com","title":"Pas de grand rassemblement des gens du voyage \u00e0 Grostenquin en 2026","description":"Le ministre de l\u2019Int\u00e9rieur Bruno Retailleau \u00e9tait de passage \u00e0 Grostenquin ce mardi 26 ao\u00fbt, pour rencontrer les maires, agriculteurs et services de la base.\u00a0","author_name":"Moselle TV","author_url":"https:\/\/www.dailymotion.com\/MoselleTV","width":480,"height":269,"html":"<iframe frameborder=\"0\" width=\"480\" height=\"269\" src=\"https:\/\/geo.dailymotion.com\/player.html?video=x9phpme&\" allowfullscreen allow=\"autoplay; fullscreen; picture-in-picture; web-share\"><\/iframe>","thumbnail_url":"https:\/\/s1.dmcdn.net\/v\/Y_HZs1g3mTU7bWVCx\/x240","thumbnail_width":456,"thumbnail_height":240}

Pas de grand rassemblement des gens du voyage à Grostenquin en 2026

Le ministre de l’Intérieur Bruno Retailleau était de passage à Grostenquin ce mardi 26 août, pour rencontrer les maires, agriculteurs et services de la base.
