{"type":"video","version":"1.0","provider_name":"Dailymotion","provider_url":"https:\/\/www.dailymotion.com","title":"Pilar Alegr\u00eda traslada las condolencias a las v\u00edctimas de los incendios","description":"Declaraciones de la ministra de Educaci\u00f3n y Formaci\u00f3n Profesional y portavoz del Gobierno, Pilar Alegr\u00eda, que ha querido trasladar \"en nombre del Gobierno\" las \"condolencias y el cari\u00f1o\" hacia todos las v\u00edctimas de los incendios.","author_name":"Diario As","author_url":"https:\/\/www.dailymotion.com\/diarioas","width":480,"height":269,"html":"<iframe frameborder=\"0\" width=\"480\" height=\"269\" src=\"https:\/\/geo.dailymotion.com\/player.html?video=x9php2u&\" allowfullscreen allow=\"autoplay; fullscreen; picture-in-picture; web-share\"><\/iframe>","thumbnail_url":"https:\/\/s1.dmcdn.net\/v\/Y_HOs1ezChRM6ibfA\/x240","thumbnail_width":427,"thumbnail_height":240}

Pilar Alegría traslada las condolencias a las víctimas de los incendios

Declaraciones de la ministra de Educación y Formación Profesional y portavoz del Gobierno, Pilar Alegría, que ha querido trasladar "en nombre del Gobierno" las "condolencias y el cariño" hacia todos las víctimas de los incendios.
