{"type":"video","version":"1.0","provider_name":"Dailymotion","provider_url":"https:\/\/www.dailymotion.com","title":"I\u011fd\u0131r'da Engelliler G\u00fcn\u00fc Etkinli\u011fi: Empati Kafe","description":"I\u011fd\u0131r'da 3 Aral\u0131k D\u00fcnya Engelliler G\u00fcn\u00fc'nde engelli \u00e7ocuklar, 'Empati Kafe' etkinli\u011fi kapsam\u0131nda m\u00fc\u015fterilere \u00e7ay ve yemek servisi yapt\u0131. Etkinlik, engelli bireylerin topluma entegre edilmesi ve fark\u0131ndal\u0131k olu\u015fturulmas\u0131 amac\u0131yla d\u00fczenlendi. SERDAR \u00dcNSAL(I\u011eDIR)\u00a0-\u00a0I\u011fd\u0131r'da 3 Aral\u0131k D\u00fcnya Engelliler G\u00fcn\u00fc dolay\u0131s\u0131yla, engelli \u00e7ocuklar, bir kafe de m\u00fc\u015fterilere \u00e7ay ve yemek servisi yapt\u0131.I\u011fd\u0131r'da, 3 Aral\u0131k Engelliler G\u00fcn\u00fc dolay\u0131s\u0131yla devam eden programlarda, \u00f6zel e\u011fitim \u00f6\u011fretmenleri taraf\u0131ndan \"Empati Kafe\" etkinli\u011fi d\u00fczenledi. I\u011fd\u0131r \u00d6zel E\u011fitim Uygulama Okulu, 3 Aral\u0131k D\u00fcnya Engelliler G\u00fcn\u00fc nedeniyle, down sendromlu, otizmli ve zihinsel engelli \u00e7ocuklar i\u00e7in fark\u0131ndal\u0131k olu\u015fturmak amac\u0131yla \"Empati Cafe\" ad\u0131yla bir etkinlik d\u00fczenledi.hbrlr1.com\/ctccyidykckckl","author_name":"Haberler.com","author_url":"https:\/\/www.dailymotion.com\/haberler","width":480,"height":269,"html":"<iframe frameborder=\"0\" width=\"480\" height=\"269\" src=\"https:\/\/geo.dailymotion.com\/player.html?video=x9a6o7k&\" allowfullscreen allow=\"autoplay; fullscreen; picture-in-picture; web-share\"><\/iframe>","thumbnail_url":"https:\/\/s1.dmcdn.net\/v\/XTCuG1e0LaI8ecYt1\/x240","thumbnail_width":427,"thumbnail_height":240}

Iğdır'da Engelliler Günü Etkinliği: Empati Kafe

Iğdır'da 3 Aralık Dünya Engelliler Günü'nde engelli çocuklar, 'Empati Kafe' etkinliği kapsamında müşterilere çay ve yemek servisi yaptı. Etkinlik, engelli bireylerin topluma entegre edilmesi ve farkındalık oluşturulması amacıyla düzenlendi. SERDAR ÜNSAL(IĞDIR) - Iğdır'da 3 Aralık Dünya Engelliler Günü dolayısıyla, engelli çocuklar, bir kafe de müşterilere çay ve yemek servisi yaptı.Iğdır'da, 3 Aralık Engelliler Günü dolayısıyla devam eden programlarda, özel eğitim öğretmenleri tarafından "Empati Kafe" etkinliği düzenledi. Iğdır Özel Eğitim Uygulama Okulu, 3 Aralık Dünya Engelliler Günü nedeniyle, down sendromlu, otizmli ve zihinsel engelli çocuklar için farkındalık oluşturmak amacıyla "Empati Cafe" adıyla bir etkinlik düzenledi.hbrlr1.com/ctccyidykckckl
