{"type":"video","version":"1.0","provider_name":"Dailymotion","provider_url":"https:\/\/www.dailymotion.com","title":"Calendrier de l'Avent : \u00abLa France est un pays la\u00efc mais avec une tradition chr\u00e9tienne forte\u00bb, affirme Pierre-Jean Verzelen","description":"Vendredi, samedi et dimanche dans Europe 1 Soir Week-end, Pascale de La Tour du Pin re\u00e7oit un invit\u00e9 au c\u0153ur de l'actualit\u00e9 politique.Retrouvez \"Les invit\u00e9s d'Europe 1 Soir week-end\" sur : http:\/\/www.europe1.fr\/emissions\/l-invite-europe1-week-end","author_name":"Europe 1","author_url":"https:\/\/www.dailymotion.com\/Europe1fr","width":480,"height":269,"html":"<iframe frameborder=\"0\" width=\"480\" height=\"269\" src=\"https:\/\/geo.dailymotion.com\/player.html?video=x9a2o7m&\" allowfullscreen allow=\"autoplay; fullscreen; picture-in-picture; web-share\"><\/iframe>","thumbnail_url":"https:\/\/s2.dmcdn.net\/v\/XSVKI1e8qbmQOw1Fz\/x240","thumbnail_width":427,"thumbnail_height":240}

Calendrier de l'Avent : «La France est un pays laïc mais avec une tradition chrétienne forte», affirme Pierre-Jean Verzelen

Vendredi, samedi et dimanche dans Europe 1 Soir Week-end, Pascale de La Tour du Pin reçoit un invité au cœur de l'actualité politique.Retrouvez "Les invités d'Europe 1 Soir week-end" sur : http://www.europe1.fr/emissions/l-invite-europe1-week-end
