{"type":"video","version":"1.0","provider_name":"Dailymotion","provider_url":"https:\/\/www.dailymotion.com","title":"Entrevista a Macarena G\u00f3mez, Nacho Guerreros y resto del reparto de la pel\u00edcula \"Desmadre incluido\", dirigida por Miguel Mart\u00ed.","description":"Entrevista a Macarena G\u00f3mez, Nacho Guerreros y resto del reparto de la pel\u00edcula \"Desmadre incluido\", dirigida por Miguel Mart\u00ed. Estreno en cines el 22 de septiembre.","author_name":"El Blog de Cine Espa\u00f1ol","author_url":"https:\/\/www.dailymotion.com\/elblogdecineespanol","width":480,"height":269,"html":"<iframe frameborder=\"0\" width=\"480\" height=\"269\" src=\"https:\/\/geo.dailymotion.com\/player.html?video=x8o7yui&\" allowfullscreen allow=\"autoplay; fullscreen; picture-in-picture; web-share\"><\/iframe>","thumbnail_url":"https:\/\/s2.dmcdn.net\/v\/VGUGg1clWY4v4tuhO\/x240","thumbnail_width":427,"thumbnail_height":240}

Entrevista a Macarena Gómez, Nacho Guerreros y resto del reparto de la película "Desmadre incluido", dirigida por Miguel Martí.

Entrevista a Macarena Gómez, Nacho Guerreros y resto del reparto de la película "Desmadre incluido", dirigida por Miguel Martí. Estreno en cines el 22 de septiembre.

El Blog de Cine Español
