{"type":"video","version":"1.0","provider_name":"Dailymotion","provider_url":"https:\/\/www.dailymotion.com","title":"Commission des affaires culturelles : Table ronde sur la rentr\u00e9e scolaire r\u00e9unissant des repr\u00e9sentants des syndicats repr\u00e9sentatifs d\u2019enseignants - Mercredi 20 septembre 2023","description":"Commission des affaires culturelles : Table ronde sur la rentr\u00e9e scolaire r\u00e9unissant des repr\u00e9sentants des syndicats repr\u00e9sentatifs d\u2019enseignants","author_name":"Assembl\u00e9e nationale","author_url":"https:\/\/www.dailymotion.com\/assemblee-nationale-fr","width":480,"height":271,"html":"<iframe frameborder=\"0\" width=\"480\" height=\"271\" src=\"https:\/\/geo.dailymotion.com\/player.html?video=x8o7qo2&\" allowfullscreen allow=\"autoplay; fullscreen; picture-in-picture; web-share\"><\/iframe>","thumbnail_url":"https:\/\/s1.dmcdn.net\/v\/VGRh21e0Lt_nftHUZ\/x240","thumbnail_width":424,"thumbnail_height":240}

Commission des affaires culturelles : Table ronde sur la rentrée scolaire réunissant des représentants des syndicats représentatifs d’enseignants - Mercredi 20 septembre 2023

Commission des affaires culturelles : Table ronde sur la rentrée scolaire réunissant des représentants des syndicats représentatifs d’enseignants

Assemblée nationale
