{"type":"video","version":"1.0","provider_name":"Dailymotion","provider_url":"https:\/\/www.dailymotion.com","title":"Franck Haise : \u00ab\u00a0On va prendre le point qu\u2019on a m\u00e9rit\u00e9\u00a0\u00bb - Foot - C1 - Lens","description":"Apr\u00e8s le nul de Lens \u00e0 S\u00e9ville (1-1) en Ligue des champions, mercredi soir, l'entra\u00eeneur nordiste a lou\u00e9 l'attitude positive de son \u00e9quipe.","author_name":"L'\u00c9quipe","author_url":"https:\/\/www.dailymotion.com\/lequipe","width":480,"height":269,"html":"<iframe frameborder=\"0\" width=\"480\" height=\"269\" src=\"https:\/\/geo.dailymotion.com\/player.html?video=x8o7ljd&\" allowfullscreen allow=\"autoplay; fullscreen; picture-in-picture; web-share\"><\/iframe>","thumbnail_url":"https:\/\/s1.dmcdn.net\/v\/VGQ391g3cie-X0Q6Z\/x240","thumbnail_width":427,"thumbnail_height":240}

Franck Haise : « On va prendre le point qu’on a mérité » - Foot - C1 - Lens

Après le nul de Lens à Séville (1-1) en Ligue des champions, mercredi soir, l'entraîneur nordiste a loué l'attitude positive de son équipe.

L'Équipe
