{"type":"video","version":"1.0","provider_name":"Dailymotion","provider_url":"https:\/\/www.dailymotion.com","title":"Farida Adlani,vice-pr\u00e9sidente de la r\u00e9gion IDF charg\u00e9e des solidarit\u00e9s, de la sant\u00e9 et de la famille","description":"","author_name":"ici Paris \u00cele-de-France","author_url":"https:\/\/www.dailymotion.com\/iciparisiledefrance","width":480,"height":269,"html":"<iframe frameborder=\"0\" width=\"480\" height=\"269\" src=\"https:\/\/geo.dailymotion.com\/player.html?video=x7ynczu&\" allowfullscreen allow=\"autoplay; fullscreen; picture-in-picture; web-share\"><\/iframe>","thumbnail_url":"https:\/\/s1.dmcdn.net\/v\/Sid-A1g3SR66QILwl\/x240","thumbnail_width":427,"thumbnail_height":240}

Farida Adlani,vice-présidente de la région IDF chargée des solidarités, de la santé et de la famille

ici Paris Île-de-France
