{"type":"video","version":"1.0","provider_name":"Dailymotion","provider_url":"https:\/\/www.dailymotion.com","title":"Pierre Berg\u00e9, m\u00e9c\u00e8ne et homme engag\u00e9","description":"Pierre Berg\u00e9 nous a quitt\u00e9s le 8 septembre 2017 \u00e0 l'\u00e2ge de 86 ans. M\u00e9c\u00e8ne, homme engag\u00e9, homme de mode et homme de presse, il avait plusieurs cordes \u00e0 son arc.","author_name":"Marie Claire","author_url":"https:\/\/www.dailymotion.com\/marieclaire-fr","width":480,"height":480,"html":"<iframe frameborder=\"0\" width=\"480\" height=\"480\" src=\"https:\/\/geo.dailymotion.com\/player.html?video=x60gnuw&\" allowfullscreen allow=\"autoplay; fullscreen; picture-in-picture; web-share\"><\/iframe>","thumbnail_url":"https:\/\/s2.dmcdn.net\/v\/LgxJ81g44GvasraDF\/x240","thumbnail_width":240,"thumbnail_height":240}

Pierre Bergé, mécène et homme engagé

Pierre Bergé nous a quittés le 8 septembre 2017 à l'âge de 86 ans. Mécène, homme engagé, homme de mode et homme de presse, il avait plusieurs cordes à son arc.
